{"id":20070,"date":"2018-10-25T12:38:17","date_gmt":"2018-10-25T10:38:17","guid":{"rendered":"https:\/\/www.subaru.es\/blog\/wp-content\/uploads\/2018\/10\/DSC02594.jpg"},"modified":"2018-10-25T12:38:33","modified_gmt":"2018-10-25T10:38:33","slug":"dsc02594","status":"inherit","type":"attachment","link":"https:\/\/www.subaru.es\/blog\/nuestra-marca\/kdd-subarista-pamplona-subaru\/attachment\/dsc02594\/","title":{"rendered":"Subaru Pamplona"},"author":21,"featured_media":0,"comment_status":"open","ping_status":"closed","template":"","meta":{"_acf_changed":false,"_eb_attr":"","inline_featured_image":false},"class_list":["post-20070","attachment","type-attachment","status-inherit","hentry"],"acf":[],"yoast_head":"<!-- This site is optimized with the Yoast SEO plugin v27.3 - https:\/\/yoast.com\/product\/yoast-seo-wordpress\/ -->\n<title>Subaru Pamplona - Universo Subaru<\/title>\n<meta name=\"robots\" content=\"index, follow, max-snippet:-1, max-image-preview:large, max-video-preview:-1\" \/>\n<link rel=\"canonical\" href=\"https:\/\/www.subaru.es\/blog\/wp-content\/uploads\/2018\/10\/DSC02594.jpg\" \/>\n<meta property=\"og:locale\" content=\"es_ES\" \/>\n<meta property=\"og:type\" content=\"article\" \/>\n<meta property=\"og:title\" content=\"Subaru Pamplona - Universo Subaru\" \/>\n<meta property=\"og:url\" content=\"https:\/\/www.subaru.es\/blog\/wp-content\/uploads\/2018\/10\/DSC02594.jpg\" \/>\n<meta property=\"og:site_name\" content=\"Universo Subaru\" \/>\n<meta property=\"article:publisher\" content=\"https:\/\/www.facebook.com\/subaruespana\" \/>\n<meta property=\"article:modified_time\" content=\"2018-10-25T10:38:33+00:00\" \/>\n<meta property=\"og:image\" content=\"https:\/\/www.subaru.es\/blog\/wp-content\/uploads\/2018\/10\/DSC02594-1440x1080.jpg\" \/>\n\t<meta property=\"og:image:width\" content=\"1440\" \/>\n\t<meta property=\"og:image:height\" content=\"1080\" \/>\n\t<meta property=\"og:image:type\" content=\"image\/jpeg\" \/>\n<meta name=\"twitter:card\" content=\"summary_large_image\" \/>\n<script type=\"application\/ld+json\" class=\"yoast-schema-graph\">{\"@context\":\"https:\\\/\\\/schema.org\",\"@graph\":[{\"@type\":\"WebPage\",\"@id\":\"https:\\\/\\\/www.subaru.es\\\/blog\\\/wp-content\\\/uploads\\\/2018\\\/10\\\/DSC02594.jpg\",\"url\":\"https:\\\/\\\/www.subaru.es\\\/blog\\\/wp-content\\\/uploads\\\/2018\\\/10\\\/DSC02594.jpg\",\"name\":\"Subaru Pamplona - Universo Subaru\",\"isPartOf\":{\"@id\":\"https:\\\/\\\/www.subaru.es\\\/blog\\\/#website\"},\"datePublished\":\"2018-10-25T10:38:17+00:00\",\"dateModified\":\"2018-10-25T10:38:33+00:00\",\"breadcrumb\":{\"@id\":\"https:\\\/\\\/www.subaru.es\\\/blog\\\/wp-content\\\/uploads\\\/2018\\\/10\\\/DSC02594.jpg#breadcrumb\"},\"inLanguage\":\"es\",\"potentialAction\":[{\"@type\":\"ReadAction\",\"target\":[\"https:\\\/\\\/www.subaru.es\\\/blog\\\/wp-content\\\/uploads\\\/2018\\\/10\\\/DSC02594.jpg\"]}]},{\"@type\":\"BreadcrumbList\",\"@id\":\"https:\\\/\\\/www.subaru.es\\\/blog\\\/wp-content\\\/uploads\\\/2018\\\/10\\\/DSC02594.jpg#breadcrumb\",\"itemListElement\":[{\"@type\":\"ListItem\",\"position\":1,\"name\":\"Portada\",\"item\":\"https:\\\/\\\/www.subaru.es\\\/blog\\\/\"},{\"@type\":\"ListItem\",\"position\":2,\"name\":\"\u00a1Viva la KDD Subarista Ciudad de Pamplona! \u00a1Viva!\",\"item\":\"https:\\\/\\\/www.subaru.es\\\/blog\\\/nuestra-marca\\\/kdd-subarista-pamplona-subaru\\\/\"},{\"@type\":\"ListItem\",\"position\":3,\"name\":\"Subaru Pamplona\"}]},{\"@type\":\"WebSite\",\"@id\":\"https:\\\/\\\/www.subaru.es\\\/blog\\\/#website\",\"url\":\"https:\\\/\\\/www.subaru.es\\\/blog\\\/\",\"name\":\"Universo Subaru\",\"description\":\"Descubre este apasionante espacio de Subaru donde vas a conocer todo sobre nuestros coches y las experiencias que vivimos con ellos. Si est\u00e1s preparado para dejarte seducir por la filosof\u00eda Subaru, qu\u00e9date con nosotros.\",\"publisher\":{\"@id\":\"https:\\\/\\\/www.subaru.es\\\/blog\\\/#organization\"},\"potentialAction\":[{\"@type\":\"SearchAction\",\"target\":{\"@type\":\"EntryPoint\",\"urlTemplate\":\"https:\\\/\\\/www.subaru.es\\\/blog\\\/?s={search_term_string}\"},\"query-input\":{\"@type\":\"PropertyValueSpecification\",\"valueRequired\":true,\"valueName\":\"search_term_string\"}}],\"inLanguage\":\"es\"},{\"@type\":\"Organization\",\"@id\":\"https:\\\/\\\/www.subaru.es\\\/blog\\\/#organization\",\"name\":\"Subaru Espa\u00f1a S.A.\",\"url\":\"https:\\\/\\\/www.subaru.es\\\/blog\\\/\",\"logo\":{\"@type\":\"ImageObject\",\"inLanguage\":\"es\",\"@id\":\"https:\\\/\\\/www.subaru.es\\\/blog\\\/#\\\/schema\\\/logo\\\/image\\\/\",\"url\":\"https:\\\/\\\/www.subaru.es\\\/blog\\\/wp-content\\\/uploads\\\/2016\\\/12\\\/Logo-Subaru-TypeV_C300-scaled.jpg\",\"contentUrl\":\"https:\\\/\\\/www.subaru.es\\\/blog\\\/wp-content\\\/uploads\\\/2016\\\/12\\\/Logo-Subaru-TypeV_C300-scaled.jpg\",\"width\":2560,\"height\":1864,\"caption\":\"Subaru Espa\u00f1a S.A.\"},\"image\":{\"@id\":\"https:\\\/\\\/www.subaru.es\\\/blog\\\/#\\\/schema\\\/logo\\\/image\\\/\"},\"sameAs\":[\"https:\\\/\\\/www.facebook.com\\\/subaruespana\",\"https:\\\/\\\/www.instagram.com\\\/subarues\\\/\",\"https:\\\/\\\/www.youtube.com\\\/user\\\/subaruespana\"]}]}<\/script>\n<!-- \/ Yoast SEO plugin. -->","yoast_head_json":{"title":"Subaru Pamplona - Universo Subaru","robots":{"index":"index","follow":"follow","max-snippet":"max-snippet:-1","max-image-preview":"max-image-preview:large","max-video-preview":"max-video-preview:-1"},"canonical":"https:\/\/www.subaru.es\/blog\/wp-content\/uploads\/2018\/10\/DSC02594.jpg","og_locale":"es_ES","og_type":"article","og_title":"Subaru Pamplona - Universo Subaru","og_url":"https:\/\/www.subaru.es\/blog\/wp-content\/uploads\/2018\/10\/DSC02594.jpg","og_site_name":"Universo Subaru","article_publisher":"https:\/\/www.facebook.com\/subaruespana","article_modified_time":"2018-10-25T10:38:33+00:00","og_image":[{"width":1440,"height":1080,"url":"https:\/\/www.subaru.es\/blog\/wp-content\/uploads\/2018\/10\/DSC02594-1440x1080.jpg","type":"image\/jpeg"}],"twitter_card":"summary_large_image","schema":{"@context":"https:\/\/schema.org","@graph":[{"@type":"WebPage","@id":"https:\/\/www.subaru.es\/blog\/wp-content\/uploads\/2018\/10\/DSC02594.jpg","url":"https:\/\/www.subaru.es\/blog\/wp-content\/uploads\/2018\/10\/DSC02594.jpg","name":"Subaru Pamplona - Universo Subaru","isPartOf":{"@id":"https:\/\/www.subaru.es\/blog\/#website"},"datePublished":"2018-10-25T10:38:17+00:00","dateModified":"2018-10-25T10:38:33+00:00","breadcrumb":{"@id":"https:\/\/www.subaru.es\/blog\/wp-content\/uploads\/2018\/10\/DSC02594.jpg#breadcrumb"},"inLanguage":"es","potentialAction":[{"@type":"ReadAction","target":["https:\/\/www.subaru.es\/blog\/wp-content\/uploads\/2018\/10\/DSC02594.jpg"]}]},{"@type":"BreadcrumbList","@id":"https:\/\/www.subaru.es\/blog\/wp-content\/uploads\/2018\/10\/DSC02594.jpg#breadcrumb","itemListElement":[{"@type":"ListItem","position":1,"name":"Portada","item":"https:\/\/www.subaru.es\/blog\/"},{"@type":"ListItem","position":2,"name":"\u00a1Viva la KDD Subarista Ciudad de Pamplona! \u00a1Viva!","item":"https:\/\/www.subaru.es\/blog\/nuestra-marca\/kdd-subarista-pamplona-subaru\/"},{"@type":"ListItem","position":3,"name":"Subaru Pamplona"}]},{"@type":"WebSite","@id":"https:\/\/www.subaru.es\/blog\/#website","url":"https:\/\/www.subaru.es\/blog\/","name":"Universo Subaru","description":"Descubre este apasionante espacio de Subaru donde vas a conocer todo sobre nuestros coches y las experiencias que vivimos con ellos. Si est\u00e1s preparado para dejarte seducir por la filosof\u00eda Subaru, qu\u00e9date con nosotros.","publisher":{"@id":"https:\/\/www.subaru.es\/blog\/#organization"},"potentialAction":[{"@type":"SearchAction","target":{"@type":"EntryPoint","urlTemplate":"https:\/\/www.subaru.es\/blog\/?s={search_term_string}"},"query-input":{"@type":"PropertyValueSpecification","valueRequired":true,"valueName":"search_term_string"}}],"inLanguage":"es"},{"@type":"Organization","@id":"https:\/\/www.subaru.es\/blog\/#organization","name":"Subaru Espa\u00f1a S.A.","url":"https:\/\/www.subaru.es\/blog\/","logo":{"@type":"ImageObject","inLanguage":"es","@id":"https:\/\/www.subaru.es\/blog\/#\/schema\/logo\/image\/","url":"https:\/\/www.subaru.es\/blog\/wp-content\/uploads\/2016\/12\/Logo-Subaru-TypeV_C300-scaled.jpg","contentUrl":"https:\/\/www.subaru.es\/blog\/wp-content\/uploads\/2016\/12\/Logo-Subaru-TypeV_C300-scaled.jpg","width":2560,"height":1864,"caption":"Subaru Espa\u00f1a S.A."},"image":{"@id":"https:\/\/www.subaru.es\/blog\/#\/schema\/logo\/image\/"},"sameAs":["https:\/\/www.facebook.com\/subaruespana","https:\/\/www.instagram.com\/subarues\/","https:\/\/www.youtube.com\/user\/subaruespana"]}]}},"smush":{"stats":{"time":2.99,"bytes":3575863,"percent":53.51,"size_before":6682859,"size_after":3106996,"lossy":1,"keep_exif":0,"api_version":"1.0"},"sizes":{"thumbnail":{"time":0.02,"bytes":445,"percent":4.72,"size_before":9433,"size_after":8988},"medium":{"time":0.04,"bytes":983,"percent":2.73,"size_before":36065,"size_after":35082},"medium_large":{"time":0.07,"bytes":1611,"percent":2.75,"size_before":58669,"size_after":57058},"large":{"time":0.16,"bytes":5171,"percent":3.15,"size_before":164288,"size_after":159117},"1536x1536":{"time":0.17,"bytes":6125,"percent":3.35,"size_before":183086,"size_after":176961},"2048x2048":{"time":0.3,"bytes":13050,"percent":4.29,"size_before":304453,"size_after":291403},"wp_scaled":{"time":0.45,"bytes":24869,"percent":5.36,"size_before":464216,"size_after":439347},"full":{"time":1.78,"bytes":3523609,"percent":64.5,"size_before":5462649,"size_after":1939040}}},"description":{"rendered":"<p class=\"attachment\"><a href='https:\/\/www.subaru.es\/blog\/wp-content\/uploads\/2018\/10\/DSC02594-scaled.jpg'><img decoding=\"async\" width=\"560\" height=\"420\" data-src=\"https:\/\/www.subaru.es\/blog\/wp-content\/uploads\/2018\/10\/DSC02594-560x420.jpg\" class=\"attachment-medium size-medium lazyload\" alt=\"\" data-srcset=\"https:\/\/www.subaru.es\/blog\/wp-content\/uploads\/2018\/10\/DSC02594-560x420.jpg 560w, https:\/\/www.subaru.es\/blog\/wp-content\/uploads\/2018\/10\/DSC02594-1440x1080.jpg 1440w, https:\/\/www.subaru.es\/blog\/wp-content\/uploads\/2018\/10\/DSC02594-768x576.jpg 768w, https:\/\/www.subaru.es\/blog\/wp-content\/uploads\/2018\/10\/DSC02594-1536x1152.jpg 1536w, https:\/\/www.subaru.es\/blog\/wp-content\/uploads\/2018\/10\/DSC02594-2048x1536.jpg 2048w\" data-sizes=\"(max-width: 560px) 100vw, 560px\" src=\"data:image\/svg+xml;base64,PHN2ZyB3aWR0aD0iMSIgaGVpZ2h0PSIxIiB4bWxucz0iaHR0cDovL3d3dy53My5vcmcvMjAwMC9zdmciPjwvc3ZnPg==\" style=\"--smush-placeholder-width: 560px; --smush-placeholder-aspect-ratio: 560\/420;\" \/><\/a><\/p>\n"},"caption":{"rendered":""},"alt_text":"","media_type":"image","mime_type":"image\/jpeg","media_details":{"width":2560,"height":1920,"file":"2018\/10\/DSC02594-scaled.jpg","filesize":464216,"sizes":{"medium":{"file":"DSC02594-560x420.jpg","width":560,"height":420,"filesize":36065,"mime_type":"image\/jpeg","source_url":"https:\/\/www.subaru.es\/blog\/wp-content\/uploads\/2018\/10\/DSC02594-560x420.jpg"},"large":{"file":"DSC02594-1440x1080.jpg","width":1440,"height":1080,"filesize":164288,"mime_type":"image\/jpeg","source_url":"https:\/\/www.subaru.es\/blog\/wp-content\/uploads\/2018\/10\/DSC02594-1440x1080.jpg"},"thumbnail":{"file":"DSC02594-200x200.jpg","width":200,"height":200,"filesize":9433,"mime_type":"image\/jpeg","source_url":"https:\/\/www.subaru.es\/blog\/wp-content\/uploads\/2018\/10\/DSC02594-200x200.jpg"},"medium_large":{"file":"DSC02594-768x576.jpg","width":768,"height":576,"filesize":58669,"mime_type":"image\/jpeg","source_url":"https:\/\/www.subaru.es\/blog\/wp-content\/uploads\/2018\/10\/DSC02594-768x576.jpg"},"1536x1536":{"file":"DSC02594-1536x1152.jpg","width":1536,"height":1152,"filesize":183086,"mime_type":"image\/jpeg","source_url":"https:\/\/www.subaru.es\/blog\/wp-content\/uploads\/2018\/10\/DSC02594-1536x1152.jpg"},"2048x2048":{"file":"DSC02594-2048x1536.jpg","width":2048,"height":1536,"filesize":304453,"mime_type":"image\/jpeg","source_url":"https:\/\/www.subaru.es\/blog\/wp-content\/uploads\/2018\/10\/DSC02594-2048x1536.jpg"},"full":{"file":"DSC02594-scaled.jpg","width":2560,"height":1920,"mime_type":"image\/jpeg","source_url":"https:\/\/www.subaru.es\/blog\/wp-content\/uploads\/2018\/10\/DSC02594-scaled.jpg"}},"image_meta":{"aperture":"2.8","credit":"","camera":"DSC-HX300","caption":"","created_timestamp":"1537635435","copyright":"","focal_length":"4.3","iso":"320","shutter_speed":"0.033333333333333","title":"","orientation":"1","keywords":[]},"original_image":"DSC02594.jpg"},"post":19986,"source_url":"https:\/\/www.subaru.es\/blog\/wp-content\/uploads\/2018\/10\/DSC02594-scaled.jpg","_links":{"self":[{"href":"https:\/\/www.subaru.es\/blog\/wp-json\/wp\/v2\/media\/20070","targetHints":{"allow":["GET"]}}],"collection":[{"href":"https:\/\/www.subaru.es\/blog\/wp-json\/wp\/v2\/media"}],"about":[{"href":"https:\/\/www.subaru.es\/blog\/wp-json\/wp\/v2\/types\/attachment"}],"author":[{"embeddable":true,"href":"https:\/\/www.subaru.es\/blog\/wp-json\/wp\/v2\/users\/21"}],"replies":[{"embeddable":true,"href":"https:\/\/www.subaru.es\/blog\/wp-json\/wp\/v2\/comments?post=20070"}],"wp:attached-to":[{"embeddable":true,"post_type":"post","id":19986,"href":"https:\/\/www.subaru.es\/blog\/wp-json\/wp\/v2\/posts\/19986"}],"curies":[{"name":"wp","href":"https:\/\/api.w.org\/{rel}","templated":true}]}}

<!-- This site is optimized with the Yoast SEO plugin v27.3 - https://yoast.com/product/yoast-seo-wordpress/ -->
<title>Subaru Pamplona - Universo Subaru</title>
<meta name="robots" content="index, follow, max-snippet:-1, max-image-preview:large, max-video-preview:-1" />
<link rel="canonical" href="https://www.subaru.es/blog/wp-content/uploads/2018/10/DSC02594.jpg" />
<meta property="og:locale" content="es_ES" />
<meta property="og:type" content="article" />
<meta property="og:title" content="Subaru Pamplona - Universo Subaru" />
<meta property="og:url" content="https://www.subaru.es/blog/wp-content/uploads/2018/10/DSC02594.jpg" />
<meta property="og:site_name" content="Universo Subaru" />
<meta property="article:publisher" content="https://www.facebook.com/subaruespana" />
<meta property="article:modified_time" content="2018-10-25T10:38:33+00:00" />
<meta property="og:image" content="https://www.subaru.es/blog/wp-content/uploads/2018/10/DSC02594-1440x1080.jpg" />
	<meta property="og:image:width" content="1440" />
	<meta property="og:image:height" content="1080" />
	<meta property="og:image:type" content="image/jpeg" />
<meta name="twitter:card" content="summary_large_image" />
<script type="application/ld+json" class="yoast-schema-graph">{"@context":"https:\/\/schema.org","@graph":[{"@type":"WebPage","@id":"https:\/\/www.subaru.es\/blog\/wp-content\/uploads\/2018\/10\/DSC02594.jpg","url":"https:\/\/www.subaru.es\/blog\/wp-content\/uploads\/2018\/10\/DSC02594.jpg","name":"Subaru Pamplona - Universo Subaru","isPartOf":{"@id":"https:\/\/www.subaru.es\/blog\/#website"},"datePublished":"2018-10-25T10:38:17+00:00","dateModified":"2018-10-25T10:38:33+00:00","breadcrumb":{"@id":"https:\/\/www.subaru.es\/blog\/wp-content\/uploads\/2018\/10\/DSC02594.jpg#breadcrumb"},"inLanguage":"es","potentialAction":[{"@type":"ReadAction","target":["https:\/\/www.subaru.es\/blog\/wp-content\/uploads\/2018\/10\/DSC02594.jpg"]}]},{"@type":"BreadcrumbList","@id":"https:\/\/www.subaru.es\/blog\/wp-content\/uploads\/2018\/10\/DSC02594.jpg#breadcrumb","itemListElement":[{"@type":"ListItem","position":1,"name":"Portada","item":"https:\/\/www.subaru.es\/blog\/"},{"@type":"ListItem","position":2,"name":"¡Viva la KDD Subarista Ciudad de Pamplona! ¡Viva!","item":"https:\/\/www.subaru.es\/blog\/nuestra-marca\/kdd-subarista-pamplona-subaru\/"},{"@type":"ListItem","position":3,"name":"Subaru Pamplona"}]},{"@type":"WebSite","@id":"https:\/\/www.subaru.es\/blog\/#website","url":"https:\/\/www.subaru.es\/blog\/","name":"Universo Subaru","description":"Descubre este apasionante espacio de Subaru donde vas a conocer todo sobre nuestros coches y las experiencias que vivimos con ellos. Si estás preparado para dejarte seducir por la filosofía Subaru, quédate con nosotros.","publisher":{"@id":"https:\/\/www.subaru.es\/blog\/#organization"},"potentialAction":[{"@type":"SearchAction","target":{"@type":"EntryPoint","urlTemplate":"https:\/\/www.subaru.es\/blog\/?s={search_term_string}"},"query-input":{"@type":"PropertyValueSpecification","valueRequired":true,"valueName":"search_term_string"}}],"inLanguage":"es"},{"@type":"Organization","@id":"https:\/\/www.subaru.es\/blog\/#organization","name":"Subaru España S.A.","url":"https:\/\/www.subaru.es\/blog\/","logo":{"@type":"ImageObject","inLanguage":"es","@id":"https:\/\/www.subaru.es\/blog\/#\/schema\/logo\/image\/","url":"https:\/\/www.subaru.es\/blog\/wp-content\/uploads\/2016\/12\/Logo-Subaru-TypeV_C300-scaled.jpg","contentUrl":"https:\/\/www.subaru.es\/blog\/wp-content\/uploads\/2016\/12\/Logo-Subaru-TypeV_C300-scaled.jpg","width":2560,"height":1864,"caption":"Subaru España S.A."},"image":{"@id":"https:\/\/www.subaru.es\/blog\/#\/schema\/logo\/image\/"},"sameAs":["https:\/\/www.facebook.com\/subaruespana","https:\/\/www.instagram.com\/subarues\/","https:\/\/www.youtube.com\/user\/subaruespana"]}]}</script>
<!-- / Yoast SEO plugin. -->

Descubre este apasionante espacio de Subaru donde vas a conocer todo sobre nuestros coches y las experiencias que vivimos con ellos. Si estás preparado para dejarte seducir por la filosofía Subaru, quédate con nosotros.

Subaru España S.A.
